2
16d51 (base 15) to base 9
122304
-2023634 (base 8) to base 2
-10000010011110011100
-13ba911 (base 12) to base 13
-a94248
Convert -102121100012 (base 3) to base 8.
-676111
Convert 109659 (base 12) to base 16.
40c65
What is -14130411341 (base 5) in base 3?
-1021021111022010
Convert -250432 (base 11) to base 8.
-1405062
Convert 6c773 (base 14) to base 12.
109369
-94395 (base 15) to base 13
-135b93
-13466475 (base 8) to base 14
-592b81
Convert -c2c533 (base 13) to base 5.
-2130234024
What is -2ddd1e (base 16) in base 13?
-813149
Convert 3286216 (base 9) to base 3.
10022220020120
234351 (base 8) to base 4
103203221
-12266254 (base 7) to base 14
-20c264
What is 22192a (base 12) in base 16?
845f2
22303133 (base 4) to base 12
2173b
Convert -214301423 (base 5) to base 4.
-3203122200
Convert 2011121002010 (base 3) to base 16.
119937
What is -178804 (base 11) in base 14?
-723c2
What is 318906 (base 10) in base 12?
134676
Convert 22121120020 (base 3) to base 7.
1304166
Convert -50150a2 (base 11) to base 8.
-41676155
-1ac51 (base 15) to base 2
-10101010001101111
What is -102122022102 (base 3) in base 2?
-110111111100001101
What is -1130420202 (base 5) in base 15?
-362ea2
What is 340711 (base 8) in base 11?
79568
Convert d643 (base 15) to base 7.
246015
What is -7058494 (base 11) in base 7?
-211060326
Convert 2d4160 (base 14) to base 8.
6032210
Convert -514352 (base 6) to base 12.
-1b9b8
Convert -101075 (base 11) to base 13.
-58c43
What is -12524141 (base 7) in base 12?
-475008
Convert 2dc077 (base 15) to base 6.
115310051
-10149a (base 12) to base 8
-752566
What is -14243133 (base 5) in base 6?
-3113253
-193c3 (base 14) to base 4
-33211333
2551255 (base 6) to base 8
417363
What is 187410 (base 13) in base 5?
124201344
-53ab8 (base 12) to base 2
-11010111101101100
Convert -1737236 (base 9) to base 12.
-3a9259
-177567 (base 10) to base 15
-3792c
Convert -211101010212 (base 3) to base 5.
-103043140
Convert 26d77 (base 16) to base 2.
100110110101110111
What is -6c62a (base 16) in base 9?
-745873
Convert -30bba0 (base 13) to base 12.
-46b8ab
What is -1313041 (base 6) in base 15?
-164bd
What is -c573 (base 16) in base 15?
-ee9c
Convert 34760086 (base 9) to base 4.
1000210223202
What is 22553532 (base 7) in base 6?
110233213
What is 110001110111011001110 (base 2) in base 6?
55004450
Convert 9b179 (base 13) to base 12.
116a91
What is -2993360 (base 13) in base 9?
-26848525
What is 61483 (base 11) in base 3?
11120010011
-9c98b (base 14) to base 5
-44134214
What is 240562 (base 9) in base 6?
3034215
What is -2334651 (base 7) in base 13?
-a4145
640823 (base 13) to base 6
122120555
What is -56314146 (base 8) in base 14?
-1888902
Convert -10104000 (base 8) to base 13.
-598527
Convert -14526516 (base 7) to base 9.
-2541233
What is -102031003 (base 4) in base 6?
-1333111
Convert -3184158 (base 11) to base 2.
-10101010110110010100010
What is -d21c2c (base 14) in base 12?
-2451694
Convert 3223133030 (base 4) to base 13.
27a058
-3600532 (base 7) to base 6
-13422041
Convert -26435630 (base 7) to base 8.
-11211001
Convert 196bd8 (base 14) to base 8.
3342352
Convert 202430541 (base 6) to base 13.
95166a
401221 (base 7) to base 2
10000100001100100
Convert 2f2ef2 (base 16) to base 10.
3092210
Convert -8376b (base 13) to base 14.
-621c3
3499058 (base 10) to base 12
1208b02
What is -10060020 (base 7) in base 3?
-1120120110200
3536131 (base 8) to base 9
1731643
-1384840 (base 10) to base 7
-14525302
What is 12222b0 (base 12) in base 11?
1aa0429
What is -40101223 (base 5) in base 3?
-121001012210
490160 (base 10) to base 8
1675260
Convert -1596c (base 15) to base 11.
-48348
What is -54533647 (base 8) in base 15?
-1065533
What is 632362 (base 7) in base 12?
5304a
1102020110202 (base 3) to base 11
474548
What is -61b9 (base 16) in base 2?
-110000110111001
What is 12551114 (base 7) in base 3?
2011200202022
What is -1123333000 (base 4) in base 15?
-7697d
Convert -23fc27 (base 16) to base 6.
-122314035
-76144 (base 10) to base 5
-4414034
2232133023 (base 4) to base 7
6034446
What is -3691614 (base 10) in base 15?
-4cdc29
13403 (base 12) to base 9
40313
556730 (base 10) to base 3
1001021200122
-5154400 (base 7) to base 11
-392867
Convert 300332002031 (base 4) to base 6.
1135050325
Convert -11a02b6 (base 12) to base 16.
-3487aa
-58a30 (base 15) to base 12
-117530
-48939 (base 13) to base 4
-200210031
1290328 (base 10) to base 6
43353424
Convert 2866881 (base 10) to base 11.
1688a26
What is 21102323010 (base 4) in base 6?
124121300
Convert -183822 (base 13) to base 9.
-1125610
177044 (base 11) to base 4
1002220013
2db4a (base 16) to base 10
187210
Convert 4517472 (base 8) to base 7.
13242022
Convert -44a055 (base 11) to base 15.
-e22c8
Convert -25b2d (base 15) to base 6.
-2330311
-33131200 (base 4) to base 12
-30794
Convert -31520 (base 7) to base 14.
-2bb7
What is 11111220222 (base 3) in base 11?
60863
What is -4124230 (base 5) in base 8?
-203560
-2bb1a39 (base 12) to base 11
-5057093
-953448 (base 15) to base 11
-4009307
-cc2095 (base 13) to base 7
-55552141
46b37a (base 13) to base 11
a49217
What is 3242543 (base 6) in base 7?
1241250
What is 4435235 (base 6) in base 8?
663107
-912a98 (base 13) to base 12
-1169b33
What is -30452431 (base 6) in base 13?
-249826
What is 89489 (base 10) in base 16?
15d91
1001000111001001111 (base 2) to base 8
1107117
b487 (base 12) to base 13
8c65
Convert -2112021100000 (base 3) to base 5.
-321000130
-121120000 (base 3) to base 6
-131513
What is 404420413 (base 5) in base 13?
454c50
What is 1020123200 (base 4) in base 2?
1001000011011100000
Convert 1775345 (base 9) to base 10.
994640
Convert -2365948 (base 10) to base 2.
-1001000001100111111100
What is 110011100011011000101 (base 2) in base 14?
31d8b3
-233100302 (base 5) to base 9
-2003773
What is a694 (base 16) in base 4?
22122110
Convert 4d1d8 (base 14) to base 11.
11a5a5
Convert -15898 (base 16) to base 15.
-1b211
What is 100101100011100110 (base 2) in base 8?
454346
-25017 (base 12) to base 8
-141723
Convert 2324324 (base 5) to base 4.
22113200
Convert 7461505 (base 8) to base 12.
800599
What is 271302 (base 8) in base 5?
11014124
What is 122232023 (base 4) in base 3?
12120010202
What is 23223111 (base 5) in base 9?
351428
Convert -1000101010001000101010000 (base 2) to base 4.
-1011101011100
2872c (base 14) to base 16
18764
What is -29103b1 (base 13) in base 15?
-122417c
14561461 (base 7) to base 15
1c7bc7
What is 22001001202111 (base 3) in base 5?
2043204433
-1431312301 (base 5) to base 10
-3775951
50bffa (base 16) to base 11
2a94a83
-34a884 (base 11) to base 9
-1036724
Convert 1232311202 (base 4) to base 14.
bb638
2012323010 (base 4) to base 6
15502312
Convert -42021532 (base 6) to base 9.
-2253112
Convert 12458a7 (base 11) to base 6.
114143503
Convert -9096b2 (base 15) to base 12.
-237164b
Convert 507351 (base 10) to base 5.
112213401
Convert 225740 (base 13) to base 11.
505017
Convert -359307 (base 11) to base 4.
-2022312003
-45554523 (base 6) to base 2
-101010101101010010011
-6ca925 (base 13) to base 14
-4b74a8
What is -4741 (base 15) in base 16?
-3b20
-1230534 (base 7) to base 3
-22001202010
What is -593360 (base 12) in base 3?
-2200222110200
What is -db098 (base 16) in base 10?
-897176
What is -130222113110 (base 4) in base 8?
-34522724
-8132534 (base 9) to base 14
-80aab8
Convert aa328 (base 16) to base 2.
10101010001100101000
21202221121 (base 3) to base 2
100101010111011100
-177012 (base 12) to base 3
-202122001112
-456b05 (base 15) to base 3
-20020100001212
Convert -11667713 (base 10) to base 12.
-3aa8195
What is -326a46 (base 13) in base 11?
-74000a
What is -1334431 (base 5) in base 2?
-110101101100011
Convert -102201220112 (base 3) to base 7.
-1651355
Convert f655 (base 16) to base 2.
1111011001010101
Convert -2051430 (base 6) to base 7.
-565020
211100203213 (base 4) to base 15
ccde7d
What is 53274b (base 16) in base 14?
a1bdb5
Convert 1060400 (base 8) to base 7.
2303444
What is 10011101012222 (base 3) in base 10?
1680506
What is -552c9 (base 14) in base 4?
-302120201
-536a70 (base 13) to base 12
-7a4707
-74217 (base 8) to base 3
-1120100002
Convert 31506734 (base 8) to base 15.
8cb60d
207f0 (base 16) to base 14
36716
454714 (base 10) to base 4
1233000322
Convert c50c4b (base 14) to 